144?
-141
In base 10, what is 10556 - -1?
10557
In base 8, what is -2 - -343?
341
In base 9, what is -3 + 1?
-2
In base 13, what is 1b + 1?
1c
In base 6, what is 24211 + -12?
24155
In base 6, what is -1 - 5351?
-5352
In base 4, what is -11021 - -10?
-11011
In base 3, what is 2012 - -10001?
12020
In base 4, what is -3 - -10013?
10010
In base 10, what is 123 - 4?
119
In base 10, what is 14 - -6?
20
In base 15, what is -3 + 15?
12
In base 10, what is -309 - -2?
-307
In base 2, what is -100000 - -1001?
-10111
In base 6, what is 10234 - 0?
10234
In base 5, what is -3 + -24?
-32
In base 12, what is 0 + 111?
111
In base 2, what is -100 + 111111011?
111110111
In base 10, what is 5536 + -5?
5531
In base 12, what is -91 - 64?
-135
In base 12, what is 2 - -162?
164
In base 6, what is -11 + -14132?
-14143
In base 9, what is 210 + -4?
205
In base 6, what is -1 + 530?
525
In base 10, what is 142 + 9?
151
In base 13, what is -3b - 3?
-41
In base 15, what is 7423 + -3?
7420
In base 4, what is -13 - -311?
232
In base 5, what is -4 + -10?
-14
In base 10, what is 15 - -117?
132
In base 8, what is -401 - 4?
-405
In base 9, what is -5 + -58?
-64
In base 10, what is 4149 + -3?
4146
In base 11, what is 3 - -a7?
aa
In base 9, what is 35 - -18?
54
In base 7, what is -545 + 0?
-545
In base 5, what is -142314 - 2?
-142321
In base 12, what is -3 + -52?
-55
In base 10, what is 31 - -17?
48
In base 13, what is -74 - 35?
-a9
In base 15, what is -c - 5?
-12
In base 6, what is 30542 - 0?
30542
In base 6, what is 20002 + -3?
15555
In base 6, what is 12050 - -3?
12053
In base 6, what is 3132 + -2?
3130
In base 4, what is 233 + -10?
223
In base 8, what is -5 + -2011?
-2016
In base 11, what is -840 - -17?
-824
In base 16, what is -10 + -4?
-14
In base 3, what is -102112 - 1?
-102120
In base 12, what is -3 - -216?
213
In base 7, what is 404 + 5?
412
In base 12, what is 338 - -7?
343
In base 10, what is -1385 + 0?
-1385
In base 15, what is -4 + -c?
-11
In base 4, what is -232323 - 10?
-232333
In base 13, what is -1c + -1b?
-3a
In base 9, what is -3 - -18?
15
In base 12, what is -667 + -5?
-670
In base 13, what is -1 + -a7?
-a8
In base 9, what is 0 + 757?
757
In base 14, what is -a - 7?
-13
In base 3, what is 2211 - -100?
10011
In base 7, what is -3 + 615?
612
In base 14, what is -1ab + -13?
-1c0
In base 14, what is -25 - 11?
-36
In base 5, what is 2 - -22312?
22314
In base 3, what is 2111 - -2?
2120
In base 6, what is -3 + 14114?
14111
In base 11, what is 4 - -1a?
23
In base 4, what is 2021 - -11?
2032
In base 15, what is -27 - 1a?
-42
In base 4, what is 123 - -1023?
1212
In base 14, what is 1 + -65a?
-659
In base 5, what is 4 + 1201?
1210
In base 11, what is -1 - -17?
16
In base 7, what is 2 + 4?
6
In base 14, what is -19 - -1c?
3
In base 15, what is -de + -3?
-e2
In base 6, what is -2301 - -2?
-2255
In base 7, what is -265 - 1?
-266
In base 16, what is b + 442?
44d
In base 16, what is -6e - 9?
-77
In base 2, what is 10110011 + -1000?
10101011
In base 12, what is -4 + -1b7?
-1bb
In base 3, what is 12201 + -10?
12121
In base 3, what is -120111 + 1012?
-112022
In base 8, what is -22 - -42?
20
In base 13, what is c + 27?
36
In base 6, what is -5 - 53?
-102
In base 6, what is 1 + -323?
-322
In base 12, what is 29 + -3?
26
In base 8, what is -21 - -41?
20
In base 8, what is -23 + -6?
-31
In base 16, what is -3 + -7a?
-7d
In base 10, what is 0 + 3410?
3410
In base 16, what is 21 + 2?
23
In base 14, what is 5 - -64?
69
In base 15, what is 4 + -181?
-17c
In base 5, what is 4 + 330?
334
In base 4, what is -1120 - -2?
-1112
In base 10, what is -7860 + -5?
-7865
In base 15, what is 1b1 + -d?
1a3
In base 16, what is -1 - d0?
-d1
In base 11, what is -5 + 1100?
10a6
In base 14, what is -40a + -2a?
-436
In base 6, what is -10 - -111?
101
In base 2, what is -10001 - -1010001000?
1001110111
In base 6, what is 2 + -10403?
-10401
In base 8, what is 1637 + 2?
1641
In base 5, what is -4 - -14301?
14242
In base 5, what is -12121 - 10?
-12131
In base 10, what is -306 - 8?
-314
In base 3, what is 1001222102 + -2?
1001222100
In base 12, what is a9 + 40?
129
In base 8, what is -1020 + 1?
-1017
In base 13, what is 4 - 33?
-2c
In base 10, what is 2 + -120?
-118
In base 6, what is -22 - 24?
-50
In base 5, what is 2 + -12?
-10
In base 15, what is -2 + c51?
c4e
In base 3, what is -10 + -100210?
-100220
In base 5, what is -103 + 3?
-100
In base 11, what is -4 - 150?
-154
In base 6, what is 3020 - 10?
3010
In base 15, what is 3 + -55?
-52
In base 8, what is -1130 + -2?
-1132
In base 3, what is 12100 - -21?
12121
In base 9, what is 2323 + -7?
2315
In base 11, what is -5 + 21?
17
In base 16, what is 2 - -2b?
2d
In base 6, what is -1410 + 51?
-1315
In base 6, what is 10 - 151?
-141
In base 6, what is 31 - -102?
133
In base 6, what is -21200 + -5?
-21205
In base 2, what is 100 - 1000110?
-1000010
In base 5, what is -2040 + -202?
-2242
In base 4, what is 1123210 - -11?
1123221
In base 7, what is -22 - 5?
-30
In base 3, what is -2121010 - -2?
-2121001
In base 7, what is -62 + 2?
-60
In base 4, what is 11212331 - 2?
11212323
In base 9, what is 2448 + 5?
2454
In base 2, what is -11100 + 10101?
-111
In base 13, what is 200 - 0?
200
In base 4, what is -2110 + 11?
-2033
In base 12, what is 49 - 2?
47
In base 16, what is 363 - 1?
362
In base 10, what is -4 + -5882?
-5886
In base 6, what is 3 + -1441?
-1434
In base 5, what is 30 - 4130?
-4100
In base 12, what is 4 - 21?
-19
In base 10, what is 15 - 4?
11
In base 4, what is -1 - 3002?
-3003
In base 2, what is 100111111 - 10?
100111101
In base 3, what is 120212 + -100?
120112
In base 6, what is -143503 + 5?
-143454
In base 9, what is 5 - 2727?
-2722
In base 4, what is -10 - -1013?
1003
In base 13, what is -7 - 5?
-c
In base 9, what is -44 - 2?
-46
In base 16, what is -252 - -1?
-251
In base 2, what is -100001011 - 10000?
-100011011
In base 3, what is 2 - 10021?
-10012
In base 2, what is -1 + 11110000?
11101111
In base 4, what is 110022 + 0?
110022
In base 14, what is 1 - 374?
-373
In base 11, what is -5245 + -1?
-5246
In base 15, what is 34 - 12?
22
In base 2, what is -10011000 + 1111?
-10001001
In base 10, what is 4408 - 0?
4408
In base 16, what is -8e - 2?
-90
In base 4, what is -1120 - 22?
-1202
In base 10, what is -11075 + 5?
-11070
In base 9, what is 403 + 48?
452
In base 9, what is -6 + 7?
1
In base 10, what is 525 + 4?
529
In base 8, what is 57 - 2?
55
In base 12, what is -32 - 9?
-3b
In base 11, what is -178 + 13?
-165
In base 14, what is -9 + a?
1
In base 16, what is bc - -b?
c7
In base 10, what is -4 - -1869?
1865
In base 8, what is 57 + -77?
-20
In base 9, what is 5 - -257?
263
In base 13, what is b6 + -2?
b4
In base 13, what is -2a7 - -51?
-256
In base 14, what is -a5 + 7?
-9c
In base 5, what is 1 + 21141?
21142
In base 3, what is 1 - 1022?
-1021
In base 3, what is -2122010 - -1?
-2122002
In base 14, what is -19 + -4?
-1d
In base 2, what is -110 + 101111?
101001
In base 15, what is 3 - -2b?
2e
In base 12, what is -22 + 5?
-19
In base 4, what is 1301 + -31?
1210
In base 3, what is -2 - -2111?
2102
In base 11, what is -3 - -2a?
27
In base 13, what is c8 + -4?
c4
In base 10, what is 122 - -78?
200
In base 16, what is 1 - -2f3?
2f4
In base 15, what is 3 + -da?
-d7
In base 7, what is -112 - -15?
-64
In base 7, what is -104 - -113?
6
In base 5, what is -30103 - -23?
-30030
In base 6, what is 521305 + 0?
521305
In base 5, what is -2322 - -1?
-2321
In base 14, what is -5 + b?
6
In base 4, what is 1210 - 11?
1133
In base 14, what is c0 - 5?
b9
In base 9, what is 0 + -24?
-24
In base 4, what is -330 + 120?
-210
In base 11, what is -2 - -2961?
295a
In base 15, what is 34 - 4?
30
In base 6, what is 3434 - -2?
3440
In base 15, what is 77 - -1?
78
In base 12, what is -1 + 34?
33
In base 12, what is -50 - 7?
-57
In base 10, what is 354 - -1?
355
In base 12, what is -b2 + 6?
-a8
In base 7, what is 205 - -1?
206
In base 4, what is -13 - 1233?
-1312
In base 15, what is -409 + 7?
-402
In base 3, what is 0 - -22202?
22202
In base 2, what is -11111 + 1111?
-10000
In base 5, what is -4 + 144003?
143444
In base 10, what is 3 - -96?
99
In base 4, what is 2102 + -212?
1230
In base 15, what is 20 - 178?
-158
In base 9, what is -4 + 83?
78
In base 10, what is -41 - -337?
296
In base 7, w